What is the units digit of 332 - (0 - (8 - 5))?
5
Let k = -15 + 25. What is the tens digit of 274/k + 10/(-25)?
2
Let z(l) be the first derivative of l**3/3 - l**2 - 7*l - 1. Suppose 3*u + 27 + 0 = 3*w, 5*w = 3*u + 37. What is the units digit of z(w)?
8
Suppose -5*h + 205 = 2*u - 0*u, 0 = -3*h - 4*u + 123. Suppose h = 3*l - 13. What is the tens digit of l?
1
Suppose o - 29 = -5*k + 79, 3*o + 116 = 5*k. Suppose 0 = -5*q + 5*h - 90, 22 = -5*q + 3*q - 5*h. Let s = k + q. What is the units digit of s?
6
Let t be ((-8)/6)/(4/(-36)). Suppose 3*c - 25 = -2*s, 2*c - t = -0*s + s. What is the units digit of c?
7
Let x be (8/1)/(2 - 0). Suppose -x*c = -45 - 83. What is the units digit of c?
2
Let r(a) = a**3 + 8*a - 27*a**2 + 5 + 46*a**2 - 24*a**2. What is the units digit of r(4)?
1
What is the units digit of 82 + (-5)/((-20)/8)?
4
Let x be 1*-10 + (0 - 0). Let m = -5 - x. What is the units digit of m - 1 - (-5)/(-5)?
3
Suppose 5*x = 5*f - 125, 2*f + 5*x = -0*f + 64. What is the units digit of f?
7
Let a be (-32)/5 - (-10)/25. Let s = a - -21. Suppose -6*i + i = -s. What is the units digit of i?
3
Let i(q) be the second derivative of -q**4/12 + q**3/6 + 3*q**2/2 + 3*q. Let a be i(0). Suppose a*j = 5*j - 36. What is the units digit of j?
8
Suppose -2*j + 2 = -4. Suppose d - j*d = -18. What is the units digit of d?
9
Let s be 5 - (-2 + 4 + -2). Suppose 4 + 5 = 3*h. Let t = s - h. What is the units digit of t?
2
Suppose -y + 2*y - 8 = 0. What is the units digit of y?
8
Suppose 4*h - s = 198, s + 149 = 2*h + h. Suppose 5*t - 183 = -18. Let w = h - t. What is the units digit of w?
6
Let s(j) = 34*j - 24. What is the hundreds digit of s(5)?
1
What is the units digit of (-2)/10*-5 - -16?
7
Let m = 12 + -4. Let c(v) = v**3 + 4*v**2 - v - 3. Let x be c(-4). Let h = x + m. What is the units digit of h?
9
Suppose 0 = 5*h - t - 4*t + 10, 0 = 4*h - t - 4. Let v(p) = p - 2. Let g be v(h). Let y(x) = x**3 + 4. What is the units digit of y(g)?
4
Suppose p + p = -20. Let v be (-4)/(-20) + (-58)/p. What is the tens digit of ((-32)/v)/(1/(-3))?
1
Suppose -37 = -5*n - 107. Let a = 25 + n. What is the tens digit of a?
1
Let l(j) = 21*j**2 + j. Let a be l(-1). Suppose 2*h + 5*k - a = 0, -19 = -2*h - k - 7. Suppose i = -y + 10, 5*i - 47 = y - h*y. What is the units digit of i?
7
Let u = -32 - -47. What is the units digit of u?
5
What is the tens digit of 7/((-7)/3) - -148?
4
Suppose 5*f = 302 + 533. What is the hundreds digit of f?
1
Let y(f) = -2*f - 1. Let i be y(-3). Suppose i*m - 475 = 5*s, -13 = -4*s + 7. Suppose 2*v + 3*v = m. What is the units digit of v?
0
Let j = 4 - -2. Let m be (0/(-2))/(6/j). Suppose m = -n + 4*n - 39. What is the tens digit of n?
1
Let j = -7 + 16. What is the units digit of j?
9
Suppose -3*d = -g - 169, -g = 1 + 3. Suppose -5*v = 5*f - d, 4*v + v = -f + 51. Suppose 4*x - v = -x + 2*r, -4*x + r = -11. What is the units digit of x?
4
Let g(p) = -p**2 + 6*p. Let n be g(6). Suppose 2*k - 4*o = 5*k - 13, n = -2*k + 4*o + 2. What is the units digit of (16/12)/(1/k)?
4
Let f = 68 + -14. What is the units digit of f?
4
Suppose -3 = -3*k + 9. Let d(c) = -c**2 + 4*c - 2. Let m be d(k). What is the units digit of (-1 - m)*(0 + 5)?
5
Suppose 5*y + 4*n - 239 = 256, -99 = -y - 2*n. What is the units digit of y?
9
Suppose 3*r + 50 + 76 = 0. Let y = r - -70. Suppose -4 = -3*f - 5*p, 5*f + 3*p + 0 - y = 0. What is the units digit of f?
8
Let z be 4*((-1)/(-1) - 3). What is the units digit of (z + 5)*(-43)/3?
3
Let m(y) = 2*y - 8. Let b(c) = -6*c**3 - c - 1. Let x be b(-1). Let q be m(x). Suppose 5 - 14 = a - q*u, 5*u = -a + 18. What is the units digit of a?
3
Let y = -33 + 40. What is the units digit of y?
7
What is the tens digit of (2/3)/(4/270)?
4
Let x(f) = -f - 1. Let c be x(-7). What is the tens digit of (1 - -23)/(c/8)?
3
Let y(j) = 2*j**2 + 2*j - 1. Let b = -7 - -10. Suppose 3*h + 24 = -5*n, -2*n + b*h = 1 - 4. What is the units digit of y(n)?
1
Suppose 2*h - 94 = -0*h. What is the units digit of h?
7
Let p(c) = 10*c - 1. What is the tens digit of p(2)?
1
Let q = 77 - 69. What is the units digit of q?
8
Suppose -224*l = -220*l - 720. What is the hundreds digit of l?
1
Let p = 5 + -1. Suppose 2*f + 1 = 2*d - 3, -2*f - 10 = -p*d. What is the units digit of 2/d - (-6)/18?
1
Suppose 6*q = 3*q. Suppose q = -5*r + 5*f + 60, 5*r - 4*f + 2 - 65 = 0. What is the units digit of r?
5
Let l(q) = -q**3 - 11*q**2 + 2. Let c be l(-11). Suppose -c*u + 55 = 2*u + 5*w, 2*w + 10 = 0. What is the tens digit of u?
2
Suppose -4*l = -5*t + 25, 2*l + 4 = -5*t - 1. What is the units digit of t?
1
Let n(u) = -u**3 - 12*u**2 - 8*u - 4. Let c(v) = -v**3 - 12*v**2 - 8*v - 3. Let r(j) = -6*c(j) + 5*n(j). What is the units digit of r(-11)?
1
Suppose 0 = -4*y + 3*i - 4, -4 - 8 = -3*i. Suppose -y*u = -7*u + b + 119, 4 = -b. What is the tens digit of u?
2
Let c(n) = 24*n + 1. What is the tens digit of c(2)?
4
Suppose 0*a = -a + 3. Suppose -3*s + 8*s = 4*v - a, -s - 9 = -5*v. What is the units digit of v?
2
Let t be 14/63 + 50/18. Suppose -23 + 0 = -3*i + n, t*i = 2*n + 22. What is the units digit of i?
8
Let g(q) = 16*q**3 - 2*q**2 + 4*q - 2. What is the hundreds digit of g(2)?
1
Let c = 15 + 16. What is the tens digit of c?
3
Suppose -n - 2 = 0, 0*n - 1 = 5*z - 2*n. Let s be 0 - (0 + z - 23). Suppose -3*y = -3*v - 12, -3*v = 5*y - 10*y + s. What is the units digit of y?
6
Let m(a) = 113*a. What is the tens digit of m(2)?
2
Let v be 15 + 0 - (-3 + 3). Let s = v - 8. Suppose -s*c + 50 = -2*c - 2*i, 5*i = -2*c - 9. What is the units digit of c?
8
Let x = -25 + 46. What is the units digit of x?
1
Let u(a) = 6*a**2 + 8*a - 16. What is the units digit of u(7)?
4
Let s(r) = -r**3 - 6*r**2 - r - 5. Let n be s(-6). Let m(v) be the second derivative of v**5/2 + v**4/12 - v**3/6 + 5*v. What is the tens digit of m(n)?
1
Let f(z) = -z + 7. Let v be f(6). Suppose -2*r - 5 - v = 0. What is the units digit of (0 + -1)*r/3?
1
Let n = 20 - 13. Let b = 11 - 0. Let a = b - n. What is the units digit of a?
4
Let o be (-8)/6*36/8. What is the units digit of o/(-9)*9/1?
6
Suppose -6 = -3*a, -72 = -3*f + f - 2*a. What is the units digit of f?
4
What is the units digit of (4 - (-70)/(-15)) + (-389)/(-3)?
9
Let t be ((-24)/15)/((-2)/5). Let a be (-5 + 1)/(4/(-6)). Suppose -4*x + 2*m + a = 3*m, -4*x - t*m = -12. What is the units digit of x?
1
Suppose 0 = 2*m - 3*n - 2*n - 44, 2*m - n - 28 = 0. What is the tens digit of (-243)/(-7) + m/42?
3
Let o be 2/(-9) - 14/(-63). Suppose o = n + 2 - 19. What is the tens digit of n?
1
Let k = -80 + 140. What is the tens digit of k?
6
Suppose -3*o = -7*o + 16. Let b(n) = 2*n**2 - 4*n - 5. What is the tens digit of b(o)?
1
Let p(c) = -c**3 + 8*c**2 - 6*c - 1. Let i be p(7). What is the units digit of 97/11 + i/33?
9
Let x(d) = 5*d**2 + 2*d + 26. What is the hundreds digit of x(6)?
2
Let w = 633 + -354. What is the hundreds digit of w?
2
What is the tens digit of (-2 - (-220)/3) + (-2)/(-3)?
7
Let q(c) = c**3 + 7*c**2 + 6*c + 4. Let x be q(-6). Suppose -x*w + 5 + 67 = 0. What is the tens digit of w?
1
Suppose -4*g + 4*c + 32 = 0, 3*c + 18 = g - 0*c. Let y(z) = 8*z - 3. What is the units digit of y(g)?
1
Suppose 2*t = 32 + 158. What is the tens digit of t?
9
Suppose -3*q + q + 68 = 0. What is the tens digit of q?
3
Let f(w) = -w**2 + 18*w - 12. What is the units digit of f(16)?
0
Let j be (189/(-6))/9*2. Let t(f) = 2*f**2 + 9*f + 6. Let s(g) = g**2 - g - 1. Let m(z) = s(z) - t(z). What is the tens digit of m(j)?
1
Let q = -7 - -13. Let i(w) = -2*w**3 + 4*w**2 - 3*w + 2. Let z be i(2). Let m = q + z. What is the units digit of m?
2
Let r be ((-2)/(-3))/((-1)/12). Suppose -9*z + 4*z = 5. What is the units digit of (2 + -2 - r) + z?
7
Let o = 14 - 30. Let s = o - -46. What is the tens digit of s?
3
Let w = 9 - -5. Suppose w = 4*v - 14. What is the units digit of v?
7
Let l = 7 - -3. Suppose -3*b = 5*m + 2*b - l, 2*b - 10 = -5*m. What is the units digit of m?
2
Let i = 5 - 5. Suppose i*v - 4*v = 0. Suppose -4*n + 32 = -v*n. What is the units digit of n?
8
Suppose -35 = -5*j + 5*w, 3*j + w = -2 + 15. Suppose 92 = j*q - 2*d + 5*d, -3*q - d + 52 = 0. What is the units digit of q?
6
Suppose 0 = -4*w - 5*q + 595, -w - 315 = -3*w + q. What is the hundreds digit of w?
1
Suppose 2*t - 